{"id":6,"date":"2017-07-19T11:16:25","date_gmt":"2017-07-19T11:16:25","guid":{"rendered":"http:\/\/briefmarkenclub-trier.de\/?page_id=6"},"modified":"2024-01-12T11:11:08","modified_gmt":"2024-01-12T10:11:08","slug":"der-verein","status":"publish","type":"page","link":"https:\/\/briefmarkenclub-trier.de\/?page_id=6","title":{"rendered":"\u00dcber Uns"},"content":{"rendered":"<p>Der Deutsch-Franz\u00f6sische Briefmarkenclub Trier wurde im Jahre 1973 gegr\u00fcndet.<\/p>\n<p>Wir sind Mitglied im<\/p>\n<div id=\"area_container\">\n<div id=\"middle_area\">\n<ul>\n<li><b><a href=\"http:\/\/www.phvm.de\/\" target=\"_blank\" rel=\"noopener\">Verband der Philatelisten West e.V.<\/a><\/b><\/li>\n<li><b><a href=\"http:\/\/www.bdph.de\/\" target=\"_blank\" rel=\"noopener\">Bund Deutscher Philatelisten e.V.<\/a><\/b><\/li>\n<\/ul>\n<p>Was bietet der Verein seinen Mitgliedern?<\/p>\n<p>F\u00fcr einen Jahresbeitrag von derzeit nur 36 \u20ac sind u. a. die folgenden Leistungen\u00a0enthalten:<\/p>\n<ul>\n<li>10 Vereinstreffen\/Jahr im Stadtteilcafe B\u00fcrgerhaus Trier-Nord,\u00a0Franz-Georg-Stra\u00dfe 36, 54292 Trier (siehe <a href=\"https:\/\/briefmarkenclub-trier.de\/?page_id=52\">Termine<\/a>)<\/li>\n<li>12 Ausgaben der Verbandszeitschrift &#8222;philatelie&#8220; kostenlos und portofrei<\/li>\n<li>Kostenloser Eintritt zum j\u00e4hrlichen Gro\u00dftauschtag<\/li>\n<li>Teilnahme an gemeinsamen Veranstaltungen und Reisen<\/li>\n<li>Beratung und Information bei Kauf und Verkauf<\/li>\n<\/ul>\n<\/div>\n<p>Wenn Sie Mitglied werden wollen k\u00f6nnen Sie den Aufnahme-Antrag \u00a0<a title=\"Aufnahmeantrag\" href=\"https:\/\/briefmarkenclub-trier.de\/wp-content\/uploads\/2018\/11\/181025-Aufnahmeantrag.pdf\" target=\"_blank\" rel=\"noopener\">hier<\/a>\u00a0herunterladen, ausf\u00fcllen\u00a0 und per Post an:<\/p>\n<p>Reinhold Schneider<br \/>\nSt.-Anna-Stra\u00dfe 125,<br \/>\n54295 Trier<\/p>\n<p>oder eingescannt per eMail an\u00a0 reinhold.schneider.trier@t-online.de<\/p>\n<\/div>\n<p>senden.<\/p>\n<div id=\"area_container\"><\/div>\n","protected":false},"excerpt":{"rendered":"<p>Der Deutsch-Franz\u00f6sische Briefmarkenclub Trier wurde im Jahre 1973 gegr\u00fcndet. Wir sind Mitglied im Verband der Philatelisten West e.V. Bund Deutscher Philatelisten e.V. Was bietet der Verein seinen Mitgliedern? F\u00fcr einen Jahresbeitrag von derzeit nur 36 \u20ac sind u. a. die folgenden Leistungen\u00a0enthalten: 10 Vereinstreffen\/Jahr im Stadtteilcafe B\u00fcrgerhaus Trier-Nord,\u00a0Franz-Georg-Stra\u00dfe 36, 54292 Trier (siehe Termine) 12 Ausgaben [&hellip;]<\/p>\n","protected":false},"author":1,"featured_media":0,"parent":0,"menu_order":0,"comment_status":"closed","ping_status":"closed","template":"","meta":[],"_links":{"self":[{"href":"https:\/\/briefmarkenclub-trier.de\/index.php?rest_route=\/wp\/v2\/pages\/6"}],"collection":[{"href":"https:\/\/briefmarkenclub-trier.de\/index.php?rest_route=\/wp\/v2\/pages"}],"about":[{"href":"https:\/\/briefmarkenclub-trier.de\/index.php?rest_route=\/wp\/v2\/types\/page"}],"author":[{"embeddable":true,"href":"https:\/\/briefmarkenclub-trier.de\/index.php?rest_route=\/wp\/v2\/users\/1"}],"replies":[{"embeddable":true,"href":"https:\/\/briefmarkenclub-trier.de\/index.php?rest_route=%2Fwp%2Fv2%2Fcomments&post=6"}],"version-history":[{"count":12,"href":"https:\/\/briefmarkenclub-trier.de\/index.php?rest_route=\/wp\/v2\/pages\/6\/revisions"}],"predecessor-version":[{"id":806,"href":"https:\/\/briefmarkenclub-trier.de\/index.php?rest_route=\/wp\/v2\/pages\/6\/revisions\/806"}],"wp:attachment":[{"href":"https:\/\/briefmarkenclub-trier.de\/index.php?rest_route=%2Fwp%2Fv2%2Fmedia&parent=6"}],"curies":[{"name":"wp","href":"https:\/\/api.w.org\/{rel}","templated":true}]}}