{"id":462,"date":"2018-05-21T16:44:56","date_gmt":"2018-05-21T14:44:56","guid":{"rendered":"http:\/\/briefmarkenclub-trier.de\/?page_id=462"},"modified":"2022-06-25T18:05:53","modified_gmt":"2022-06-25T16:05:53","slug":"programm-der-treveris-2018","status":"publish","type":"page","link":"https:\/\/briefmarkenclub-trier.de\/?page_id=462","title":{"rendered":"Anmeldeformulare der NAPOSTA 2023"},"content":{"rendered":"<p>Anmeldeformulare f\u00fcr Exponate k\u00f6nnen hier heruntergeladen werden.<\/p>\n<p><a title=\"Anmeldung Exponate\" href=\"https:\/\/briefmarkenclub-trier.de\/wp-content\/uploads\/2018\/05\/Anmeldung-Exponat-1.pdf\" target=\"_blank\" rel=\"noopener\">Download<\/a><\/p>\n<a href=\"https:\/\/briefmarkenclub-trier.de\/wp-content\/uploads\/2018\/05\/Anmeldung-Exponat-1.pdf\" class=\"pdfemb-viewer\" style=\"width: 1300px; \" data-width=\"1300\" data-height=\"max\"  data-toolbar=\"both\" data-toolbar-fixed=\"on\">Anmeldung Exponat<br\/><\/a>\n<p>Anmeldeformulare f\u00fcr Literaturexponate k\u00f6nnen hier heruntergeladen werden.<\/p>\n<p><a title=\"Anmeldung Literatur\" href=\"https:\/\/briefmarkenclub-trier.de\/wp-content\/uploads\/2018\/05\/Anmeldung-Literatur.pdf\" target=\"_blank\" rel=\"noopener\">Download<\/a><\/p>\n<a href=\"https:\/\/briefmarkenclub-trier.de\/wp-content\/uploads\/2018\/05\/Anmeldung-Literatur.pdf\" class=\"pdfemb-viewer\" style=\"width: 1300px; \" data-width=\"1300\" data-height=\"max\"  data-toolbar=\"both\" data-toolbar-fixed=\"on\">Anmeldung Literatur<br\/><\/a>\n<p>&nbsp;<\/p>\n","protected":false},"excerpt":{"rendered":"<p>Anmeldeformulare f\u00fcr Exponate k\u00f6nnen hier heruntergeladen werden. Download Anmeldeformulare f\u00fcr Literaturexponate k\u00f6nnen hier heruntergeladen werden. Download &nbsp;<\/p>\n","protected":false},"author":2,"featured_media":0,"parent":98,"menu_order":0,"comment_status":"closed","ping_status":"closed","template":"","meta":[],"_links":{"self":[{"href":"https:\/\/briefmarkenclub-trier.de\/index.php?rest_route=\/wp\/v2\/pages\/462"}],"collection":[{"href":"https:\/\/briefmarkenclub-trier.de\/index.php?rest_route=\/wp\/v2\/pages"}],"about":[{"href":"https:\/\/briefmarkenclub-trier.de\/index.php?rest_route=\/wp\/v2\/types\/page"}],"author":[{"embeddable":true,"href":"https:\/\/briefmarkenclub-trier.de\/index.php?rest_route=\/wp\/v2\/users\/2"}],"replies":[{"embeddable":true,"href":"https:\/\/briefmarkenclub-trier.de\/index.php?rest_route=%2Fwp%2Fv2%2Fcomments&post=462"}],"version-history":[{"count":10,"href":"https:\/\/briefmarkenclub-trier.de\/index.php?rest_route=\/wp\/v2\/pages\/462\/revisions"}],"predecessor-version":[{"id":682,"href":"https:\/\/briefmarkenclub-trier.de\/index.php?rest_route=\/wp\/v2\/pages\/462\/revisions\/682"}],"up":[{"embeddable":true,"href":"https:\/\/briefmarkenclub-trier.de\/index.php?rest_route=\/wp\/v2\/pages\/98"}],"wp:attachment":[{"href":"https:\/\/briefmarkenclub-trier.de\/index.php?rest_route=%2Fwp%2Fv2%2Fmedia&parent=462"}],"curies":[{"name":"wp","href":"https:\/\/api.w.org\/{rel}","templated":true}]}}